{"id":10,"date":"2010-01-12T21:30:56","date_gmt":"2010-01-12T20:30:56","guid":{"rendered":"http:\/\/dorfchemnitz.com\/dcz.de_2010\/?page_id=10"},"modified":"2010-01-13T15:52:33","modified_gmt":"2010-01-13T14:52:33","slug":"links-partner","status":"publish","type":"page","link":"http:\/\/dorfchemnitz.de\/dcz.de_2010\/?page_id=10","title":{"rendered":"Links &#038; Partner"},"content":{"rendered":"<p><a href=\"http:\/\/www.partygebirge.de\">www.partygebirge.de<\/a> &#8211; Gr\u00f6\u00dfte Community der Umgebung<br \/>\n<a href=\"http:\/\/www.knochenstampfe.de\">www.knochenstampfe.de<\/a> &#8211; Das Portal der Gastst\u00e4tte\/Museum Knochenstampfe<br \/>\n<a href=\"http:\/\/www.dorfchemnitzer-sv.de\">www.dorfchemnitzer-sv.de<\/a> &#8211; Dorfchemnitzer FC<br \/>\n<a href=\"http:\/\/www.zwoenitz.de\">www.zwoenitz.de<\/a> &#8211; Das Portal der Stadt Zw\u00f6nitz<br \/>\n<a href=\"http:\/\/www.www.dj-tatchme.de\">www.dj-tatchme.de<\/a> &#8211; Bester DJ im Erzgebirge<br \/>\n<a href=\"http:\/\/www.biersekte.de\">www.biersekte.de<\/a> Die 1. Deutsche Biersekte *TiPP*<br \/>\n<a href=\"http:\/\/www.doreen.es\">www.doreen.es<\/a> &#8211; Konzertfotografie aus Hamburg<br \/>\n<a href=\"http:\/\/www.thumerstrasse9.de\">www.thumerstrasse9.de<\/a> &#8211; Webseite der Hausgemeinschaft<\/p>\n<p><a href=\"http:\/\/www.erzgebirge-ganznah.de\">www.erzgebirge-ganznah.de<\/a> &#8211; Webkatalog f\u00fcr das Erzgebirge<br \/>\n<a href=\"http:\/\/www.heise.de\">www.heise.de<\/a> &#8211; News aus der IT Branche<\/p>\n<p><a href=\"http:\/\/www.sportfreunde-stiller.de\">www.sportfreunde-stiller.de<\/a> &#8211; Rock\u00b4n\u00b4Roll<br \/>\n<a href=\"http:\/\/www.astra-bier.de\">www.astra-bier.de<\/a> &#8211; Das Original<\/p>\n<p>Linktausch? eMail an info (at) dorfchemnitz (dot) de<\/p>\n","protected":false},"excerpt":{"rendered":"<p>www.partygebirge.de &#8211; Gr\u00f6\u00dfte Community der Umgebung www.knochenstampfe.de &#8211; Das Portal der Gastst\u00e4tte\/Museum Knochenstampfe www.dorfchemnitzer-sv.de &#8211; Dorfchemnitzer FC www.zwoenitz.de &#8211; Das Portal der Stadt Zw\u00f6nitz www.dj-tatchme.de &#8211; Bester DJ im Erzgebirge www.biersekte.de Die 1. Deutsche Biersekte *TiPP* www.doreen.es &#8211; Konzertfotografie aus Hamburg www.thumerstrasse9.de &#8211; Webseite der Hausgemeinschaft www.erzgebirge-ganznah.de &#8211; Webkatalog f\u00fcr das Erzgebirge www.heise.de &#8211; News [&hellip;]<\/p>\n","protected":false},"author":1,"featured_media":0,"parent":0,"menu_order":0,"comment_status":"closed","ping_status":"open","template":"","meta":[],"aioseo_notices":[],"_links":{"self":[{"href":"http:\/\/dorfchemnitz.de\/dcz.de_2010\/index.php?rest_route=\/wp\/v2\/pages\/10"}],"collection":[{"href":"http:\/\/dorfchemnitz.de\/dcz.de_2010\/index.php?rest_route=\/wp\/v2\/pages"}],"about":[{"href":"http:\/\/dorfchemnitz.de\/dcz.de_2010\/index.php?rest_route=\/wp\/v2\/types\/page"}],"author":[{"embeddable":true,"href":"http:\/\/dorfchemnitz.de\/dcz.de_2010\/index.php?rest_route=\/wp\/v2\/users\/1"}],"replies":[{"embeddable":true,"href":"http:\/\/dorfchemnitz.de\/dcz.de_2010\/index.php?rest_route=%2Fwp%2Fv2%2Fcomments&post=10"}],"version-history":[{"count":3,"href":"http:\/\/dorfchemnitz.de\/dcz.de_2010\/index.php?rest_route=\/wp\/v2\/pages\/10\/revisions"}],"predecessor-version":[{"id":450,"href":"http:\/\/dorfchemnitz.de\/dcz.de_2010\/index.php?rest_route=\/wp\/v2\/pages\/10\/revisions\/450"}],"wp:attachment":[{"href":"http:\/\/dorfchemnitz.de\/dcz.de_2010\/index.php?rest_route=%2Fwp%2Fv2%2Fmedia&parent=10"}],"curies":[{"name":"wp","href":"https:\/\/api.w.org\/{rel}","templated":true}]}}